of 86 and z?
43
Let a be (-1 + 1 - -2)*2. Let s = 259 - 254. Suppose 3*m - 35 = -4*c + a*m, 0 = -2*c + s*m - 5. Calculate the highest common factor of c and 110.
10
Let h be 1616/18 - (-8)/36. Let g be h/15*10/4. What is the highest common divisor of g and 15?
15
Suppose -9 - 11 = -2*z. Let m = z - 10. Suppose m = 2*d + 2*l - 8, -5*l = -2*l. Calculate the greatest common divisor of d and 12.
4
Let c(p) be the third derivative of -p**4/3 - 3*p**3/2 + 12*p**2. Let s be c(-4). What is the highest common factor of 115 and s?
23
Suppose 2*k - 4*j + 7*j + 126 = 0, 0 = -4*j - 8. Let b be -2*(k/8 - -4). Calculate the greatest common divisor of 1 and b.
1
Let w(n) = 108*n**2 - 3*n - 9. Let u be w(-2). Calculate the greatest common factor of u and 33.
33
Suppose 2*v = 7 - 25. Let a be (-2 - -1)*(v + 0). Let c be 4/(40/15)*6. Calculate the greatest common factor of a and c.
9
Let c(l) = 12 - 2*l + 15 - 24. Let x be c(-18). What is the highest common divisor of 78 and x?
39
Suppose -8*c - 14*c = -946. Calculate the highest common divisor of 301 and c.
43
Let u = -1625 - -1642. What is the highest common divisor of 1649 and u?
17
Let w be 3 - 99/36 - (-270)/8. What is the highest common factor of 255 and w?
17
Suppose 3*i = 5*n - 519, -n + 4*n = -i - 187. Let m = 378 + i. Calculate the highest common factor of m and 25.
25
Suppose -2*s = -4*b - 778, -3*b - 25 = 4*s + 531. Let f be ((-1)/((-2)/45))/((-144)/b). What is the greatest common divisor of 300 and f?
30
Let g(k) = 16*k**2 - 3*k + 2. Let t be g(1). Let f be (t - -30) + (-1 - -3 - -1). Calculate the greatest common divisor of f and 36.
12
Suppose 4*r - 4*w - 213 = -5*w, 0 = -2*r - 2*w + 114. Calculate the greatest common divisor of 52 and r.
52
Let x = 100 - 85. Calculate the highest common divisor of 40 and x.
5
Suppose 78*o + 8150 = 3*d + 83*o, -5*o - 8140 = -3*d. What is the greatest common factor of d and 15?
15
Suppose 9 = -2*p + 5. Let c be (p + (4 - 0))*10. Let n be 308/c + 2/(-5). What is the highest common factor of 165 and n?
15
Suppose 0 = 2*o - o. Suppose 5*v = -o*v + 65. Let w be 30/(-45)*78/(-4). What is the highest common divisor of v and w?
13
Suppose -216 = -4*j - 2*n, -33 = -j + 3*n + 28. What is the highest common factor of 77 and j?
11
Let a = -11 - -13. Suppose a*j - 25 + 9 = 0. Suppose j - 34 = -q. What is the highest common factor of q and 39?
13
Suppose 5*u - 940 + 130 = 5*r, -4*r - 813 = -5*u. What is the highest common factor of 220 and u?
55
Suppose 0 = 4*t + w - 645, -14*t + 3*w = -16*t + 335. Calculate the greatest common divisor of 20 and t.
20
Let r = 6 + 9. Let n = -36 + 51. What is the greatest common divisor of n and r?
15
Suppose -5 = o - 12. Suppose -3*g = -3*c + 9, 0 = 2*g - 3*c + o*c - 12. Let a be (2 - g)*1 - -13. Calculate the highest common divisor of 165 and a.
15
Let q(b) = 2*b**2 - 15*b + 21. Let x be q(8). Let z = x + 7. What is the greatest common factor of z and 288?
36
Let g(k) = -10*k - 114. Let n(s) = 2*s + 23. Let q(p) = 3*g(p) + 16*n(p). Let c be q(14). Calculate the highest common factor of 27 and c.
27
Let u be (-81)/18*16/6. Let q = -9 - u. Let i = 39 - 24. Calculate the greatest common divisor of i and q.
3
Let p = -1736 + 1904. What is the highest common factor of p and 120?
24
Let d(k) = 32*k + 242. Let b be d(13). Calculate the highest common divisor of 94 and b.
94
Let a(z) = -156*z**3 - z**2 - 4*z - 2. Let f be a(-1). Suppose -4*t = -c - 155, -4*t - c = -0*c - f. What is the highest common factor of 13 and t?
13
Let o = -356 - -620. Calculate the greatest common factor of o and 24.
24
Let v = -5 - -7. Let h be 10/5 + v + -1. Suppose 4*a - 20 = -3*k, 0*a - a + 32 = h*k. Calculate the highest common divisor of k and 24.
12
Suppose 0 = -2*j - 2*c + 58, -j + 2*j + 3*c = 27. Calculate the greatest common factor of 6 and j.
6
Let x be (-2 - -4)/2 - 45. Let k = 4 - x. Let h = 13 + -7. Calculate the highest common divisor of h and k.
6
Let y be ((-427)/183)/((-2)/108). Calculate the highest common divisor of 21 and y.
21
Let g(o) = o. Let w be (-3)/(18/16)*(2 + -5). Let l be g(w). What is the greatest common factor of 28 and l?
4
Let v be 5 + (-6 + 4)*-2. Calculate the highest common divisor of v and 3.
3
Suppose 5*l = l - 2*s + 56, 0 = l + 2*s - 14. Let i be 1010/l - (174/42 + -4). Calculate the highest common factor of 18 and i.
18
Let g = 4 + 16. Let z = g + -3. Suppose 0 = -5*s + 67 + 18. Calculate the greatest common divisor of s and z.
17
Let u be 774/4 + (5/(-2) - -3). Let i = -110 + u. Calculate the highest common divisor of 12 and i.
12
Suppose s + 7 = 3. Let b(x) be the third derivative of x**4/24 + 5*x**3/6 + 74*x**2. Let l be b(s). Calculate the highest common divisor of 2 and l.
1
Let v = 9 - -2. Suppose 358 = 6*s - 104. What is the greatest common factor of v and s?
11
Let r be (-76)/(-1) + 6/6. What is the highest common factor of r and 7?
7
Let s(f) = -f + f**3 + 2 - f - 2*f**3 + 3*f**2 - f. Let r be s(-3). Calculate the greatest common factor of 13 and r.
13
Let j be 9/(-15) - 23/(-5). What is the highest common factor of 74 and j?
2
Suppose -3*f + 4*f = 5*d - 37, -f - 30 = -4*d. Let r = 32 - d. What is the highest common divisor of r and 275?
25
Suppose -4*r = 2*v - 24, 3*v = -v + 16. Suppose 1 = -h - 1, -5*c + 788 = -r*h. Let a be (15/(-6))/((-6)/c). Calculate the greatest common divisor of 26 and a.
13
Let y(f) = -f**3 - 4*f**2 - 3*f - 1. Let i be y(-3). Let u be (-1)/((i + 0)*(-1)/(-3)). What is the highest common divisor of 3 and u?
3
Let o = -45 - -94. Suppose -o - 15 = -2*i. Suppose -2*d + 3*v = -28, 0*v = -d + v + 12. What is the greatest common factor of i and d?
8
Let g = 3 + -3. Suppose g = 5*d - 3*f - 105, -f + 67 = 5*d - d. What is the greatest common factor of 2 and d?
2
Let o be 345/7 + (-8)/28. Let l(b) = -3*b - b - 3*b + 1 + 10*b. Let a be l(2). What is the highest common factor of a and o?
7
Let k be (1 + 4/(-16))*16. Let a = 60 - 24. Calculate the highest common factor of k and a.
12
Let k = 9 + -5. Suppose k + 36 = 5*h. Let j = -76 + 100. What is the greatest common divisor of h and j?
8
Let h(i) be the first derivative of i**4/4 - 8*i**3/3 + 9*i**2/2 + 8*i - 13. Let n be h(8). Calculate the highest common factor of 10 and n.
10
Let h = 21 + 15. Suppose 4*w = 2*w + h. Calculate the greatest common factor of 6 and w.
6
Let m be (-29 + 33)/(2/365). Calculate the highest common divisor of m and 10.
10
Let z = 41 + -114. Let y = z + 97. Calculate the greatest common factor of 30 and y.
6
Let j = 811 - 472. Calculate the highest common divisor of j and 3.
3
Suppose -87*f - 63 = -90*f. Calculate the highest common divisor of f and 63.
21
Let o be (-12)/(-42) + (-260)/(-70). Suppose t + j = 10, 0 = -4*t - j - 2*j + 38. What is the greatest common divisor of o and t?
4
Suppose -37 = -2*i + 13. Let r(x) = 20*x - 70. Let u be r(6). What is the greatest common factor of u and i?
25
Let a be (10 + -4 + 32)*30/4. What is the highest common divisor of a and 15?
15
Let m be ((-120)/(-42))/(0 - (-3)/21). Let g(d) = -5*d - 2. Let c be g(2). Let l = c + m. What is the greatest common factor of l and 8?
8
Let w be 5/((-35)/(-2))*35. Suppose -72 = w*c - 13*c. What is the greatest common divisor of 192 and c?
24
Let q be (168/(-5) - 22/55)/(-2). Let o be (76/8 - 1)*22. What is the highest common factor of q and o?
17
Let p be -3 + 3 - (-1 + -1). Suppose 10 = 4*k + p. Suppose 0 = 9*v - 11*v + 8. What is the highest common divisor of v and k?
2
Suppose -168 = -7*k - 0*k. Let j be (-840)/(-49)*(-14)/(-2). Calculate the highest common divisor of j and k.
24
Let g = 40 - 11. Let v = -29 + g. Suppose h - 2 - 3 = v. What is the greatest common divisor of 35 and h?
5
Let f(l) = -7*l + 2. Let r be f(-2). Suppose 2*y = -4*u + 12, -5*u + 8 = 12*y - 13*y. What is the highest common factor of r and y?
2
Suppose -5*o - 2*y = -5*y - 82, -o - 2*y + 19 = 0. What is the highest common factor of 51 and o?
17
Let n(x) = x - 11. Let v be n(-3). Let h(q) = q**2 + 15*q + 17. Let j be h(v). What is the highest common divisor of 6 and j?
3
Let r be ((-1)/6*135/20)/((-2)/16). Let x(p) = -p**2 + 5*p + 7. Let j be x(6). Suppose 0 = 5*k - j - 29. What is the greatest common divisor of r and k?
3
Let n = 1391 - 1331. Suppose 121 = 2*w + 31. Calculate the gr